e tens digit of p?
9
Suppose 7*b - 17322 = 5883. Suppose 19*l - 17*l + 2*i = 2218, 0 = -3*l + 3*i + b. What is the tens digit of l?
0
Let s = -22416 + 35296. What is the units digit of s?
0
What is the hundreds digit of (20/((-20)/4523))/(-1 - (-4)/5)?
6
Let z(j) = -3*j**3 + 13*j**2 - 22. Let f be z(9). Let p = f + 1862. What is the hundreds digit of p?
7
Let c = 4657 + 384. Suppose -45*l + 2*u + c = -40*l, 1019 = l + 5*u. What is the units digit of l?
9
Let j(o) = -21*o - 12. Let f be -8 + 8 + (-10 - 0). Let x be (-1)/(-2) + 55/f. What is the tens digit of j(x)?
9
Let h(z) = -z**2 - 9*z - 4. Let w be h(-7). Suppose 5*v + 0*v = w. What is the units digit of 416/11 + v/11?
8
Let q = -14937 - -22231. What is the hundreds digit of q?
2
Suppose -7*a + 6*a + 29 = 0. Suppose -m + a + 223 = 0. What is the hundreds digit of m?
2
Let v(s) = 2*s**3 + 13*s**2 - s + 6. Let o = -1 + -6. Let b be v(o). What is the units digit of 984/b*((-1)/(-2) + -2)?
1
Suppose 29*c = 32*c - 48. What is the units digit of 14175/36 + (-12)/c?
3
Suppose 814*w + 14168099 = 39509690 + 14636391. What is the ten thousands digit of w?
4
Suppose 0 = 2*r - 3*y - 23121, -2*r = 2*y + 9289 - 32385. What is the hundreds digit of r?
5
Let y(d) = d**3 - 76*d**2 + 123*d - 324. What is the ten thousands digit of y(79)?
2
Suppose 63 = 9*x - 6*x. Let b = x - 17. Let v = b + 94. What is the units digit of v?
8
Let b = 90 + -85. Suppose y - b = 2*n, 0 = 5*n - 5*y - 6 + 21. What is the hundreds digit of 4/3*(-201)/n?
1
Suppose 3 + 5 = 2*h + f, 0 = h - 2*f - 14. Let p(y) = 2*y**2 - 13*y + 6. Let s be p(h). Let l(g) = -g + 101. What is the units digit of l(s)?
1
What is the thousands digit of (4/(-7) + 6829000/(-350))*(-3)/6?
9
Let w = -73 - -76. Suppose w*j - 17 - 7 = 0. What is the units digit of (-2)/9 + 428/18*j?
0
Let s be 12*-18*(-12)/(-16). Let d = -61 - s. What is the units digit of d?
1
Suppose 10*j = 5*j + 35. Suppose 4*z = -j*z - 88. What is the units digit of (-103 + z)*(-16)/6?
6
Suppose -37*w - 1686 = -43*w. Suppose 276*q + 425 = w*q. What is the units digit of q?
5
Let p be (-5)/((24/(-20))/6). Suppose -3*x + 3 = 3*d - 12, 0 = 3*d + 5*x - p. Suppose d = -2*z - 4*z + 528. What is the tens digit of z?
8
Suppose 14*s = -18*s - 5*s + 502645. What is the units digit of s?
5
Let i = 80 + -147. Let c = 69 + i. What is the units digit of (66/(-24))/(c/(-16))?
2
Let j(t) = 1011*t + 513. What is the thousands digit of j(8)?
8
Let m be -1*(-3 + 6) + 189. Suppose 10*b - m = 12*b. Let y = -1 - b. What is the units digit of y?
2
Let s(y) = -45*y - 13. Let q be s(-5). Suppose q - 63 = d. Let g = d - 99. What is the units digit of g?
0
Let d(z) be the second derivative of 11*z**6/360 + z**5/30 + 4*z**4/3 - z**2 - z + 22. Let u(a) be the third derivative of d(a). What is the tens digit of u(3)?
7
Let k(h) = h**2 + 55*h + 756. Let p be k(-31). Suppose -2*o = 3*x - 203, -x + 7 = -4*o - 84. Suppose -p = -z + x. What is the units digit of z?
3
Let x = -88 - -104. What is the hundreds digit of 2*9/(-6) - (-1500 - x)?
5
Let l = 2837 - -1146. What is the units digit of l?
3
Suppose 2267 = 5*v - c - 16599, 3*v = -5*c + 11314. What is the thousands digit of v?
3
Let u(j) = -j**2 - 6*j + 37. Let a be u(-17). Let y = 49 - a. What is the hundreds digit of y?
1
Let f(p) = -127*p**3 + p**2 - 1. Let c(x) = 0*x + 0*x**2 - x - 2*x**3 + x**3 + x**2. Let i(n) = 2*c(n) - f(n). What is the hundreds digit of i(1)?
1
What is the hundreds digit of (-1729)/(-12) - (-68)/(-816)?
1
Let a(v) = 21*v**3 - 23*v**2 + 5*v + 53. What is the thousands digit of a(14)?
3
Let u(w) = -4*w - 37. Let c be u(-7). What is the units digit of 2 + (6/(-2) - 5823/c)?
6
Let m be (-3 + -22)*16/(-16). Suppose m*d + 1293 = l + 26*d, -d + 5166 = 4*l. What is the tens digit of l?
9
Let l(w) = w**3 + 17*w**2 - 12*w + 18. Let b be l(-13). Let t = b + -550. Let o = t + -139. What is the hundreds digit of o?
1
Let s(y) = 1181*y - 21. Let v be s(1). Suppose -v = 23*f - 11786. What is the units digit of f?
2
Let u(i) = 37 - 15*i - 74 + 70. Let s(l) = l**3 + l**2 - l - 6. Let o be s(0). What is the hundreds digit of u(o)?
1
Suppose -4 = 2*p - 3*b - 2*b, 13 = 3*p + 2*b. Let t be 40/(-12)*9/(-6). Suppose t*i - j = 186, -42 = -p*i - 3*j + 66. What is the tens digit of i?
3
Suppose -r - 3*o - 13 = 10, -2*r + o = 53. What is the units digit of (-595)/(-65) - 9 - 12372/r?
6
Suppose -6*p + 2*p = 16. Let t be p + 4 + (-1 + 1)/(-1). Suppose 4*h = 2*m - 115 - 21, -5*m + 4*h + 310 = t. What is the tens digit of m?
5
What is the thousands digit of (84 - 80) + 7/(21/13320)?
4
Let b(y) = y**2 + 13*y - 8. Let o be b(0). Suppose -5*c = -f + 41, 226 = 5*f + 2*c - 33. Let n = o + f. What is the units digit of n?
3
Let p(v) = -70*v + 4. Let q = 25 - 31. Let m be (-3)/((q/4)/(-1)). What is the units digit of p(m)?
4
Suppose 3*d - 99069 = 29*h - 33*h, -4*d = 3*h - 74293. What is the tens digit of h?
7
Let l(z) = z**3 + 39*z**2 + 15*z + 24. What is the hundreds digit of l(-26)?
4
Let o = -18 - -38. Suppose -g - o = 2*k, -3*k = -g - 3*g + 19. Let q = 4 - k. What is the units digit of q?
3
Let m = -11592 - -23279. What is the tens digit of m?
8
Let z be (-1974)/(-8) - (-2)/8. Let s(c) = -c**3 - 26*c**2 + 62*c + 26. Let q be s(-28). Let t = z + q. What is the hundreds digit of t?
1
Let r(z) be the first derivative of z**3 + 3*z**2 - z + 10. Let g be r(5). Suppose -5*s + 70 = 3*c, -5*s + 2*c - 9 = -g. What is the units digit of s?
7
Let t(z) = 2*z**2 + 28*z + 2. Let l be t(-13). What is the units digit of (2 - 906)*-3*(-4)/l?
2
Suppose 2*o - o + 11 = -5*j, 5*o = -j - 79. Let u(k) = k**3 + 16*k**2 - 9*k - 40. What is the hundreds digit of u(o)?
1
Suppose 0 = j + 3*h - 19284, 0 = -2*j - 7*h + 4347 + 34222. What is the hundreds digit of j?
2
Let d(o) = 44*o - 207*o - 44 - 71*o. What is the units digit of d(-4)?
2
Let s = 45 + -47. Let d be 1 + (s - -2) - (13 - 10). What is the hundreds digit of -4 + 105 - 3 - d?
1
Let v(n) = -43*n**3 + n**2 + 2. Suppose -10*y = -6*y + 8. What is the hundreds digit of v(y)?
3
Suppose -25*p = p - 40378. Suppose p = 40*u - 5527. What is the units digit of u?
7
Let h = 15 + 111. Suppose 0 = 3*i + 6*i + h. What is the units digit of 2950/70 + 2/i?
2
Let h = 809 - 801. Suppose 0*y = h*y - 10440. What is the units digit of y?
5
Let z(q) = 0*q**2 + 0*q**2 - 247 - 9*q**3 + 249 + q - q**2. Suppose 8 = t + 10. What is the units digit of z(t)?
8
Let k(a) = a**3 - 3*a**2 + 2*a - 3. Let u be k(2). Let s(h) = -212*h - 89. What is the hundreds digit of s(u)?
5
Suppose i = 5*o + 2985 + 4982, 4*i - o = 31868. Suppose -17*u + i = 62. Suppose -u = -2*l - 3*l + 4*v, -l + 87 = -2*v. What is the tens digit of l?
9
Suppose -4*h + 4*r + 308 = 0, 3*h - 4*r - 384 = -2*h. Let a = -75 + h. What is the hundreds digit of (-3 - (-8)/a) + 178?
1
Suppose x - 3 = 0, -3*k = 2*x + x - 96. Let d = k - 53. What is the units digit of (d/(-18))/(8/1068)?
8
Suppose -2 = -3*r + 2*u + 7, 2*r - 17 = 5*u. What is the tens digit of (r - 2) + (-1)/(8/(-9128))?
4
Suppose -3*c - 85 = -8*c. Let h(x) = x**2 - 13*x - 5. Let o be h(c). Let l = -33 + o. What is the tens digit of l?
3
Let n(d) = d**2 - 10*d - 10. Let m be n(11). Let u be 66/((-1)/(-1)*m). Let a = u - 58. What is the units digit of a?
8
Let a(i) = -i**2 + i + 8. Let y be a(-5). What is the hundreds digit of (55/y)/((2/(-2))/116)?
2
Suppose 2*v - 5*n - 2076 = 646, -4*v + 5488 = n. Let a = 1938 - v. What is the units digit of a?
7
Suppose 2*i + 4*s - 648 = 0, -5*s - 55 = 5*i - 1660. What is the hundreds digit of i?
3
Let o(a) = 2*a**3 + 53*a**2 - 63*a - 10. What is the units digit of o(-27)?
2
Let b be (-9)/72 + 1161/8. Let w = b - -90. What is the hundreds digit of w?
2
Suppose 5*i + 99493 = 4*a, 4*a + 3*i - 92540 = 6977. What is the hundreds digit of a?
8
Suppose -p + 4*p = -3*l + 21, l - 4*p - 32 = 0. Let g(w) = -w**2 + 11*w + 26. Let y be g(l). Let v(c) = c**2 - 11*c + 17. What is the tens digit of v(y)?
5
What is the hundreds digit of ((3 - 6258)*-1)/(2 + (-50)/40)?
3
Let c = 7439 - 2814. What is the thousands digit of c?
4
Let n = -725 - -1900. Suppose -7*c + n + 92 = 0. What is the tens digit of c?
8
Let d(n) be the third derivative of -11*n**5/60 - n**4/6 - 7*n**3/6 + 3*n**2. Let g be d(-3). Let h = 243 + g. What is the tens digit